{"id":15,"date":"2021-02-15T22:26:24","date_gmt":"2021-02-15T21:26:24","guid":{"rendered":"https:\/\/web1.unine.ch\/vivrelafrontiere\/?page_id=15"},"modified":"2023-11-22T18:24:19","modified_gmt":"2023-11-22T17:24:19","slug":"buts-de-lassociation","status":"publish","type":"page","link":"https:\/\/www.vivrelafrontiere.org\/?page_id=15","title":{"rendered":"Buts de l\u2019association"},"content":{"rendered":"\n<div class=\"wp-block-media-text alignwide is-stacked-on-mobile\" style=\"grid-template-columns:53% auto\"><figure class=\"wp-block-media-text__media\"><img loading=\"lazy\" decoding=\"async\" width=\"1024\" height=\"683\" src=\"https:\/\/web1.unine.ch\/vivrelafrontiere\/wp-content\/uploads\/2021\/02\/DSC07162-1-1024x683.jpg\" alt=\"\" class=\"wp-image-68 size-full\" srcset=\"https:\/\/www.vivrelafrontiere.org\/wp-content\/uploads\/2021\/02\/DSC07162-1-1024x683.jpg 1024w, https:\/\/www.vivrelafrontiere.org\/wp-content\/uploads\/2021\/02\/DSC07162-1-300x200.jpg 300w, https:\/\/www.vivrelafrontiere.org\/wp-content\/uploads\/2021\/02\/DSC07162-1-768x512.jpg 768w, https:\/\/www.vivrelafrontiere.org\/wp-content\/uploads\/2021\/02\/DSC07162-1-1536x1025.jpg 1536w, https:\/\/www.vivrelafrontiere.org\/wp-content\/uploads\/2021\/02\/DSC07162-1-2048x1366.jpg 2048w, https:\/\/www.vivrelafrontiere.org\/wp-content\/uploads\/2021\/02\/DSC07162-1-720x480.jpg 720w\" sizes=\"auto, (min-width: 960px) 75vw, 100vw\" \/><\/figure><div class=\"wp-block-media-text__content\">\n<h2 class=\"wp-block-heading\"><\/h2>\n\n\n\n<p>L\u2019association Vivre la Fronti\u00e8re a pour objectifs :<\/p>\n\n\n\n<ul class=\"wp-block-list\">\n<li>la promotion de la recherche tant appliqu\u00e9e que fondamentale sur les relations transfrontali\u00e8res entre la Suisse et la France dans la r\u00e9gion de l\u2019Arc jurassien ;<\/li>\n\n\n\n<li>la promotion et le soutien \u00e0 des manifestations culturelles (th\u00e9\u00e2tre, performances, festivals, expositions) servant d\u2019outils de communication et de lieux de d\u00e9lib\u00e9ration collective en lien avec cette recherche ;<\/li>\n\n\n\n<li>la promotion et le soutien \u00e0 des publications et \u00e0 la cr\u00e9ation de films issus de cette recherche.<\/li>\n<\/ul>\n\n\n\n<p><em>photo \u00a9 Julien Humbert-Droz<\/em><\/p>\n<\/div><\/div>\n\n\n\n<div style=\"height:35px\" aria-hidden=\"true\" class=\"wp-block-spacer\"><\/div>\n\n\n\n<hr class=\"wp-block-separator has-css-opacity\"\/>\n\n\n\n<div style=\"height:30px\" aria-hidden=\"true\" class=\"wp-block-spacer\"><\/div>\n\n\n\n<div class=\"wp-block-columns is-layout-flex wp-container-core-columns-is-layout-28f84493 wp-block-columns-is-layout-flex\">\n<div class=\"wp-block-column is-layout-flow wp-block-column-is-layout-flow\">\n<div class=\"wp-block-buttons is-content-justification-right is-layout-flex wp-container-core-buttons-is-layout-d445cf74 wp-block-buttons-is-layout-flex\">\n<div class=\"wp-block-button is-style-fill\"><a class=\"wp-block-button__link has-theme-yellow-color has-text-color wp-element-button\" href=\"https:\/\/www.vivrelafrontiere.org\/?page_id=14\">Historique<\/a><\/div>\n<\/div>\n<\/div>\n\n\n\n<div class=\"wp-block-column is-layout-flow wp-block-column-is-layout-flow\">\n<div class=\"wp-block-buttons is-content-justification-center is-layout-flex wp-container-core-buttons-is-layout-a89b3969 wp-block-buttons-is-layout-flex\">\n<div class=\"wp-block-button\"><a class=\"wp-block-button__link has-theme-yellow-color has-text-color wp-element-button\" href=\"https:\/\/www.vivrelafrontiere.org\/?page_id=16\">Groupe de suivi<\/a><\/div>\n<\/div>\n<\/div>\n\n\n\n<div class=\"wp-block-column is-layout-flow wp-block-column-is-layout-flow\">\n<div class=\"wp-block-buttons is-content-justification-left is-layout-flex wp-container-core-buttons-is-layout-fc4fd283 wp-block-buttons-is-layout-flex\">\n<div class=\"wp-block-button\"><a class=\"wp-block-button__link has-theme-yellow-color has-text-color wp-element-button\" href=\"https:\/\/www.vivrelafrontiere.org\/?page_id=17\">Partenaires<\/a><\/div>\n<\/div>\n<\/div>\n<\/div>\n","protected":false},"excerpt":{"rendered":"","protected":false},"author":2,"featured_media":0,"parent":0,"menu_order":0,"comment_status":"closed","ping_status":"closed","template":"","meta":{"footnotes":""},"class_list":["post-15","page","type-page","status-publish","hentry"],"_links":{"self":[{"href":"https:\/\/www.vivrelafrontiere.org\/index.php?rest_route=\/wp\/v2\/pages\/15","targetHints":{"allow":["GET"]}}],"collection":[{"href":"https:\/\/www.vivrelafrontiere.org\/index.php?rest_route=\/wp\/v2\/pages"}],"about":[{"href":"https:\/\/www.vivrelafrontiere.org\/index.php?rest_route=\/wp\/v2\/types\/page"}],"author":[{"embeddable":true,"href":"https:\/\/www.vivrelafrontiere.org\/index.php?rest_route=\/wp\/v2\/users\/2"}],"replies":[{"embeddable":true,"href":"https:\/\/www.vivrelafrontiere.org\/index.php?rest_route=%2Fwp%2Fv2%2Fcomments&post=15"}],"version-history":[{"count":20,"href":"https:\/\/www.vivrelafrontiere.org\/index.php?rest_route=\/wp\/v2\/pages\/15\/revisions"}],"predecessor-version":[{"id":791,"href":"https:\/\/www.vivrelafrontiere.org\/index.php?rest_route=\/wp\/v2\/pages\/15\/revisions\/791"}],"wp:attachment":[{"href":"https:\/\/www.vivrelafrontiere.org\/index.php?rest_route=%2Fwp%2Fv2%2Fmedia&parent=15"}],"curies":[{"name":"wp","href":"https:\/\/api.w.org\/{rel}","templated":true}]}}

<div class="wp-block-media-text alignwide is-stacked-on-mobile" style="grid-template-columns:53% auto"><figure class="wp-block-media-text__media"><img loading="lazy" decoding="async" width="1024" height="683" src="https://web1.unine.ch/vivrelafrontiere/wp-content/uploads/2021/02/DSC07162-1-1024x683.jpg" alt="" class="wp-image-68 size-full" srcset="https://www.vivrelafrontiere.org/wp-content/uploads/2021/02/DSC07162-1-1024x683.jpg 1024w, https://www.vivrelafrontiere.org/wp-content/uploads/2021/02/DSC07162-1-300x200.jpg 300w, https://www.vivrelafrontiere.org/wp-content/uploads/2021/02/DSC07162-1-768x512.jpg 768w, https://www.vivrelafrontiere.org/wp-content/uploads/2021/02/DSC07162-1-1536x1025.jpg 1536w, https://www.vivrelafrontiere.org/wp-content/uploads/2021/02/DSC07162-1-2048x1366.jpg 2048w, https://www.vivrelafrontiere.org/wp-content/uploads/2021/02/DSC07162-1-720x480.jpg 720w" sizes="auto, (min-width: 960px) 75vw, 100vw" /></figure><div class="wp-block-media-text__content">
<h2 class="wp-block-heading"></h2>



<p>L’association Vivre la Frontière a pour objectifs :</p>



<ul class="wp-block-list">
<li>la promotion de la recherche tant appliquée que fondamentale sur les relations transfrontalières entre la Suisse et la France dans la région de l’Arc jurassien ;</li>



<li>la promotion et le soutien à des manifestations culturelles (théâtre, performances, festivals, expositions) servant d’outils de communication et de lieux de délibération collective en lien avec cette recherche ;</li>



<li>la promotion et le soutien à des publications et à la création de films issus de cette recherche.</li>
</ul>



<p><em>photo © Julien Humbert-Droz</em></p>
</div></div>



<div style="height:35px" aria-hidden="true" class="wp-block-spacer"></div>



<hr class="wp-block-separator has-css-opacity"/>



<div style="height:30px" aria-hidden="true" class="wp-block-spacer"></div>



<div class="wp-block-columns is-layout-flex wp-container-core-columns-is-layout-28f84493 wp-block-columns-is-layout-flex">
<div class="wp-block-column is-layout-flow wp-block-column-is-layout-flow">
<div class="wp-block-buttons is-content-justification-right is-layout-flex wp-container-core-buttons-is-layout-d445cf74 wp-block-buttons-is-layout-flex">
<div class="wp-block-button is-style-fill"><a class="wp-block-button__link has-theme-yellow-color has-text-color wp-element-button" href="https://www.vivrelafrontiere.org/?page_id=14">Historique</a></div>
</div>
</div>



<div class="wp-block-column is-layout-flow wp-block-column-is-layout-flow">
<div class="wp-block-buttons is-content-justification-center is-layout-flex wp-container-core-buttons-is-layout-a89b3969 wp-block-buttons-is-layout-flex">
<div class="wp-block-button"><a class="wp-block-button__link has-theme-yellow-color has-text-color wp-element-button" href="https://www.vivrelafrontiere.org/?page_id=16">Groupe de suivi</a></div>
</div>
</div>



<div class="wp-block-column is-layout-flow wp-block-column-is-layout-flow">
<div class="wp-block-buttons is-content-justification-left is-layout-flex wp-container-core-buttons-is-layout-fc4fd283 wp-block-buttons-is-layout-flex">
<div class="wp-block-button"><a class="wp-block-button__link has-theme-yellow-color has-text-color wp-element-button" href="https://www.vivrelafrontiere.org/?page_id=17">Partenaires</a></div>
</div>
</div>
</div>
